{"id":10817,"date":"2024-01-30T11:58:22","date_gmt":"2024-01-30T16:58:22","guid":{"rendered":"https:\/\/perfumeriaintercontinental.com\/?post_type=product&#038;p=10817"},"modified":"2025-02-28T16:53:52","modified_gmt":"2025-02-28T21:53:52","slug":"acqua-di-gio-giorgio-armani-eau-de-parfum-125ml-caballero","status":"publish","type":"product","link":"https:\/\/perfumeriaintercontinental.com\/index.php\/producto\/acqua-di-gio-giorgio-armani-eau-de-parfum-125ml-caballero\/","title":{"rendered":"Acqua di Gio Giorgio Armani Eau de Parfum 125ml Caballero"},"content":{"rendered":"<p><strong>Acqua di Gio de Giorgio Armani<\/strong> es una fragancia de la familia olfativa Arom\u00e1tica Acu\u00e1tica para Hombres. <strong>Acqua di Gio<\/strong> se lanz\u00f3 en 1996. <strong>Acqua di Gio<\/strong> fue creada por Alberto Morillas, Annick Menardo y Christian Dussoulier. Las Notas de Salida son lima (lim\u00f3n verde), lim\u00f3n (lima \u00e1cida), bergamota, jazm\u00edn, naranja, mandarina y neroli; las Notas de Coraz\u00f3n son notas marinas, jazm\u00edn, calone, durazno (melocot\u00f3n), fresia, romero, jacinto, ciclamen (violeta persa), cilantro, violeta, nuez moscada, rosa y reseda (mi\u00f1oneta); las Notas de Fondo son almizcle blanco, cedro, musgo de roble, pachul\u00ed y \u00e1mbar.<\/p>\n<p><strong>PERFUMES ORIGINALES<\/strong><br \/>\nTUS COMPRAS 100% PROTEGIDAS<\/p>\n","protected":false},"excerpt":{"rendered":"<p>PERFUMES DISE\u00d1ADOR<\/p>\n","protected":false},"featured_media":10818,"comment_status":"open","ping_status":"closed","template":"","meta":{"_eb_attr":"","om_disable_all_campaigns":false,"_monsterinsights_skip_tracking":false,"_monsterinsights_sitenote_active":false,"_monsterinsights_sitenote_note":"","_monsterinsights_sitenote_category":0},"product_brand":[],"product_cat":[148,15,29],"product_tag":[],"class_list":{"0":"post-10817","1":"product","2":"type-product","3":"status-publish","4":"has-post-thumbnail","6":"product_cat-giorgio-armani","7":"product_cat-todos-los-productos","8":"product_cat-hombre","11":"first","12":"instock","13":"shipping-taxable","14":"purchasable","15":"product-type-simple"},"aioseo_notices":[],"_links":{"self":[{"href":"https:\/\/perfumeriaintercontinental.com\/index.php\/wp-json\/wp\/v2\/product\/10817","targetHints":{"allow":["GET"]}}],"collection":[{"href":"https:\/\/perfumeriaintercontinental.com\/index.php\/wp-json\/wp\/v2\/product"}],"about":[{"href":"https:\/\/perfumeriaintercontinental.com\/index.php\/wp-json\/wp\/v2\/types\/product"}],"replies":[{"embeddable":true,"href":"https:\/\/perfumeriaintercontinental.com\/index.php\/wp-json\/wp\/v2\/comments?post=10817"}],"version-history":[{"count":1,"href":"https:\/\/perfumeriaintercontinental.com\/index.php\/wp-json\/wp\/v2\/product\/10817\/revisions"}],"predecessor-version":[{"id":10819,"href":"https:\/\/perfumeriaintercontinental.com\/index.php\/wp-json\/wp\/v2\/product\/10817\/revisions\/10819"}],"wp:featuredmedia":[{"embeddable":true,"href":"https:\/\/perfumeriaintercontinental.com\/index.php\/wp-json\/wp\/v2\/media\/10818"}],"wp:attachment":[{"href":"https:\/\/perfumeriaintercontinental.com\/index.php\/wp-json\/wp\/v2\/media?parent=10817"}],"wp:term":[{"taxonomy":"product_brand","embeddable":true,"href":"https:\/\/perfumeriaintercontinental.com\/index.php\/wp-json\/wp\/v2\/product_brand?post=10817"},{"taxonomy":"product_cat","embeddable":true,"href":"https:\/\/perfumeriaintercontinental.com\/index.php\/wp-json\/wp\/v2\/product_cat?post=10817"},{"taxonomy":"product_tag","embeddable":true,"href":"https:\/\/perfumeriaintercontinental.com\/index.php\/wp-json\/wp\/v2\/product_tag?post=10817"}],"curies":[{"name":"wp","href":"https:\/\/api.w.org\/{rel}","templated":true}]}}