{"id":12215,"date":"2024-03-04T10:48:43","date_gmt":"2024-03-04T15:48:43","guid":{"rendered":"https:\/\/perfumeriaintercontinental.com\/?post_type=product&#038;p=12215"},"modified":"2025-09-27T14:21:12","modified_gmt":"2025-09-27T19:21:12","slug":"juicy-couture-peace-love-juicy-couture-eau-de-parfum-100ml-dama","status":"publish","type":"product","link":"https:\/\/perfumeriaintercontinental.com\/index.php\/producto\/juicy-couture-peace-love-juicy-couture-eau-de-parfum-100ml-dama\/","title":{"rendered":"Juicy Couture Peace Love Juicy Couture EDP 100ml Dama"},"content":{"rendered":"<p><em><strong>Peace Love Juicy Couture<\/strong> es una fragancia fresca, libre y bohemia que celebra el esp\u00edritu despreocupado del verano californiano. En sus notas de salida, el lim\u00f3n de Amalfi, la manzana, la grosella negra y la freesia despiertan los sentidos con un frescor vibrante y natural. El coraz\u00f3n revela un bouquet et\u00e9reo de jazm\u00edn, magnolia, flor de tiar\u00e9 y amapola, evocando jardines silvestres y atardeceres dorados. En la base, el almizcle, la ra\u00edz de lirio y el s\u00e1ndalo aportan una sensualidad suave y envolvente. Ideal para mujeres so\u00f1adoras, espont\u00e1neas y conectadas con la belleza de lo simple, Peace Love Juicy Couture es un susurro floral que deja una estela luminosa y armoniosa.<\/em><\/p>\n<p><em><strong>PERFUMES ORIGINALES<\/strong><\/em><br \/>\nTUS COMPRAS 100% PROTEGIDAS<br \/>\nVISITANOS EN NUESTRAS REDES SOCIALES<br \/>\n<a href=\"https:\/\/www.instagram.com\/perfumeriaintercontinental\">https:\/\/www.instagram.com\/perfumeriaintercontinental<\/a><\/p>\n","protected":false},"excerpt":{"rendered":"<p><em>Peace Love Juicy Couture es fresca, floral y bohemia. Con lim\u00f3n, jazm\u00edn y s\u00e1ndalo, evoca libertad, naturaleza y feminidad suave. Perfecta para mujeres so\u00f1adoras y espont\u00e1neas que brillan con luz propia<\/em>.<\/p>\n","protected":false},"featured_media":12216,"comment_status":"open","ping_status":"closed","template":"","meta":{"_eb_attr":"","om_disable_all_campaigns":false,"_monsterinsights_skip_tracking":false,"_monsterinsights_sitenote_active":false,"_monsterinsights_sitenote_note":"","_monsterinsights_sitenote_category":0},"product_brand":[],"product_cat":[331,15,30],"product_tag":[],"class_list":{"0":"post-12215","1":"product","2":"type-product","3":"status-publish","4":"has-post-thumbnail","6":"product_cat-juicy-couture","7":"product_cat-todos-los-productos","8":"product_cat-mujer","11":"first","12":"outofstock","13":"sale","14":"shipping-taxable","15":"purchasable","16":"product-type-simple"},"aioseo_notices":[],"_links":{"self":[{"href":"https:\/\/perfumeriaintercontinental.com\/index.php\/wp-json\/wp\/v2\/product\/12215","targetHints":{"allow":["GET"]}}],"collection":[{"href":"https:\/\/perfumeriaintercontinental.com\/index.php\/wp-json\/wp\/v2\/product"}],"about":[{"href":"https:\/\/perfumeriaintercontinental.com\/index.php\/wp-json\/wp\/v2\/types\/product"}],"replies":[{"embeddable":true,"href":"https:\/\/perfumeriaintercontinental.com\/index.php\/wp-json\/wp\/v2\/comments?post=12215"}],"version-history":[{"count":3,"href":"https:\/\/perfumeriaintercontinental.com\/index.php\/wp-json\/wp\/v2\/product\/12215\/revisions"}],"predecessor-version":[{"id":16006,"href":"https:\/\/perfumeriaintercontinental.com\/index.php\/wp-json\/wp\/v2\/product\/12215\/revisions\/16006"}],"wp:featuredmedia":[{"embeddable":true,"href":"https:\/\/perfumeriaintercontinental.com\/index.php\/wp-json\/wp\/v2\/media\/12216"}],"wp:attachment":[{"href":"https:\/\/perfumeriaintercontinental.com\/index.php\/wp-json\/wp\/v2\/media?parent=12215"}],"wp:term":[{"taxonomy":"product_brand","embeddable":true,"href":"https:\/\/perfumeriaintercontinental.com\/index.php\/wp-json\/wp\/v2\/product_brand?post=12215"},{"taxonomy":"product_cat","embeddable":true,"href":"https:\/\/perfumeriaintercontinental.com\/index.php\/wp-json\/wp\/v2\/product_cat?post=12215"},{"taxonomy":"product_tag","embeddable":true,"href":"https:\/\/perfumeriaintercontinental.com\/index.php\/wp-json\/wp\/v2\/product_tag?post=12215"}],"curies":[{"name":"wp","href":"https:\/\/api.w.org\/{rel}","templated":true}]}}