{"id":12242,"date":"2024-03-09T16:52:16","date_gmt":"2024-03-09T21:52:16","guid":{"rendered":"https:\/\/perfumeriaintercontinental.com\/?post_type=product&#038;p=12242"},"modified":"2025-09-23T14:43:41","modified_gmt":"2025-09-23T19:43:41","slug":"lancome-estuche-idole-le-parfum-75ml-dama","status":"publish","type":"product","link":"https:\/\/perfumeriaintercontinental.com\/index.php\/producto\/lancome-estuche-idole-le-parfum-75ml-dama\/","title":{"rendered":"Lancome Estuche Id\u00f4le Le Parfum 75ml Dama Original"},"content":{"rendered":"<p><em><strong>\u00a0Id\u00f4le Le Parfum<\/strong><\/em>\u00a0<em>la fragancia femenina de Lanc\u00f4me que redefine el poder de la elegancia. Su pir\u00e1mide olfativa comienza con luminosas <strong>notas de salida de bergamota y pera<\/strong>, que despiertan los sentidos con frescura vibrante. En el coraz\u00f3n, un bouquet radiante de <strong>rosas de Isparta y jazm\u00edn sambac<\/strong> evoca feminidad y sofisticaci\u00f3n. La base se funde en una estela c\u00e1lida de <strong>almizcles blancos, vainilla y pachul\u00ed<\/strong>, dejando una huella moderna, limpia y empoderada. Ideal para mujeres que lideran con luz propia. Perfume vegano, minimalista y de esp\u00edritu audaz..<\/em><\/p>\n<p><a href=\"https:\/\/perfumeriaintercontinental.com\/index.php\/2023\/08\/08\/perfumes-originales-en-bogota-calidad-y-autenticidad-garantizada\/\">Perfumes originales en Bogot\u00e1: calidad y autenticidad garantizada<\/a><\/p>\n<p><strong>PERFUMES ORIGINALES<\/strong><br \/>\nTUS COMPRAS 100% PROTEGIDAS<br \/>\nVISITANOS EN NUESTRAS REDES SOCIALES<br \/>\n<a href=\"https:\/\/www.instagram.com\/perfumeriaintercontinental\">https:\/\/www.instagram.com\/perfumeriaintercontinental<\/a><\/p>\n","protected":false},"excerpt":{"rendered":"<p>Id\u00f4le Le Parfum es una fragancia luminosa y empoderada. Con bergamota, rosa y jazm\u00edn en su coraz\u00f3n, y una base c\u00e1lida de almizcles y vainilla, este perfume celebra a la mujer moderna con elegancia minimalista y fuerza interior.<\/p>\n","protected":false},"featured_media":12243,"comment_status":"open","ping_status":"closed","template":"","meta":{"_eb_attr":"","om_disable_all_campaigns":false,"_monsterinsights_skip_tracking":false,"_monsterinsights_sitenote_active":false,"_monsterinsights_sitenote_note":"","_monsterinsights_sitenote_category":0},"product_brand":[],"product_cat":[159,15,33,30],"product_tag":[],"class_list":{"0":"post-12242","1":"product","2":"type-product","3":"status-publish","4":"has-post-thumbnail","6":"product_cat-lancome","7":"product_cat-todos-los-productos","8":"product_cat-estuches-mujer","9":"product_cat-mujer","12":"first","13":"outofstock","14":"sale","15":"shipping-taxable","16":"purchasable","17":"product-type-simple"},"aioseo_notices":[],"_links":{"self":[{"href":"https:\/\/perfumeriaintercontinental.com\/index.php\/wp-json\/wp\/v2\/product\/12242","targetHints":{"allow":["GET"]}}],"collection":[{"href":"https:\/\/perfumeriaintercontinental.com\/index.php\/wp-json\/wp\/v2\/product"}],"about":[{"href":"https:\/\/perfumeriaintercontinental.com\/index.php\/wp-json\/wp\/v2\/types\/product"}],"replies":[{"embeddable":true,"href":"https:\/\/perfumeriaintercontinental.com\/index.php\/wp-json\/wp\/v2\/comments?post=12242"}],"version-history":[{"count":3,"href":"https:\/\/perfumeriaintercontinental.com\/index.php\/wp-json\/wp\/v2\/product\/12242\/revisions"}],"predecessor-version":[{"id":15979,"href":"https:\/\/perfumeriaintercontinental.com\/index.php\/wp-json\/wp\/v2\/product\/12242\/revisions\/15979"}],"wp:featuredmedia":[{"embeddable":true,"href":"https:\/\/perfumeriaintercontinental.com\/index.php\/wp-json\/wp\/v2\/media\/12243"}],"wp:attachment":[{"href":"https:\/\/perfumeriaintercontinental.com\/index.php\/wp-json\/wp\/v2\/media?parent=12242"}],"wp:term":[{"taxonomy":"product_brand","embeddable":true,"href":"https:\/\/perfumeriaintercontinental.com\/index.php\/wp-json\/wp\/v2\/product_brand?post=12242"},{"taxonomy":"product_cat","embeddable":true,"href":"https:\/\/perfumeriaintercontinental.com\/index.php\/wp-json\/wp\/v2\/product_cat?post=12242"},{"taxonomy":"product_tag","embeddable":true,"href":"https:\/\/perfumeriaintercontinental.com\/index.php\/wp-json\/wp\/v2\/product_tag?post=12242"}],"curies":[{"name":"wp","href":"https:\/\/api.w.org\/{rel}","templated":true}]}}