{"id":12520,"date":"2024-03-22T13:25:09","date_gmt":"2024-03-22T18:25:09","guid":{"rendered":"https:\/\/perfumeriaintercontinental.com\/?post_type=product&#038;p=12520"},"modified":"2025-09-23T12:42:09","modified_gmt":"2025-09-23T17:42:09","slug":"lattafa-musk-al-aroos-eau-de-parfum-80ml-dama","status":"publish","type":"product","link":"https:\/\/perfumeriaintercontinental.com\/index.php\/producto\/lattafa-musk-al-aroos-eau-de-parfum-80ml-dama\/","title":{"rendered":"Lattafa Musk Al Aroos Eau de Parfum 80ml Dama Original"},"content":{"rendered":"<p>Un perfume<strong> Lattafa Musk Al Aroos,<\/strong> refinado y ligeramente fresco con \u00e9nfasis en Ambroxan, notas florales y almizcle blanco. La nota superior se abre afrutada y delicadamente fresca con limones y Ambroxan. Las notas florales brillantes siguen en la nota del coraz\u00f3n y est\u00e1n acompa\u00f1adas de s\u00e1ndalo y almizcle blanco. El cedro, la vainilla y el \u00e1mbar forman armoniosamente la base final de <strong>Musk Al Aroos.<\/strong> <strong>Musk Al Aroos<\/strong> es una fragancia maravillosamente pura aterciopelada y cremosa llena de sensualidad que va bien con cualquier ocasi\u00f3n.<\/p>\n<p><strong>PERFUMES ORIGINALES<\/strong><br \/>\nTUS COMPRAS 100% PROTEGIDAS<br \/>\nVISITANOS EN NUESTRAS REDES SOCIALES<br \/>\n<a href=\"https:\/\/www.instagram.com\/perfumeriaintercontinental\">https:\/\/www.instagram.com\/perfumeriaintercontinental<\/a><\/p>\n","protected":false},"excerpt":{"rendered":"<p>PERFUMES \u00c1RABES<\/p>\n<p><strong>Lattafa Musk Al Aroos,<\/strong> un perfume fresco y almizclado con matices florales, ideal para proyectar pureza, elegancia y estilo \u00fanico.<\/p>\n","protected":false},"featured_media":12521,"comment_status":"open","ping_status":"closed","template":"","meta":{"_eb_attr":"","om_disable_all_campaigns":false,"_monsterinsights_skip_tracking":false,"_monsterinsights_sitenote_active":false,"_monsterinsights_sitenote_note":"","_monsterinsights_sitenote_category":0},"product_brand":[],"product_cat":[155,211,15,30],"product_tag":[],"class_list":{"0":"post-12520","1":"product","2":"type-product","3":"status-publish","4":"has-post-thumbnail","6":"product_cat-lattafa","7":"product_cat-perfumes-arabes","8":"product_cat-todos-los-productos","9":"product_cat-mujer","12":"first","13":"instock","14":"sale","15":"shipping-taxable","16":"purchasable","17":"product-type-simple"},"aioseo_notices":[],"_links":{"self":[{"href":"https:\/\/perfumeriaintercontinental.com\/index.php\/wp-json\/wp\/v2\/product\/12520","targetHints":{"allow":["GET"]}}],"collection":[{"href":"https:\/\/perfumeriaintercontinental.com\/index.php\/wp-json\/wp\/v2\/product"}],"about":[{"href":"https:\/\/perfumeriaintercontinental.com\/index.php\/wp-json\/wp\/v2\/types\/product"}],"replies":[{"embeddable":true,"href":"https:\/\/perfumeriaintercontinental.com\/index.php\/wp-json\/wp\/v2\/comments?post=12520"}],"version-history":[{"count":6,"href":"https:\/\/perfumeriaintercontinental.com\/index.php\/wp-json\/wp\/v2\/product\/12520\/revisions"}],"predecessor-version":[{"id":15886,"href":"https:\/\/perfumeriaintercontinental.com\/index.php\/wp-json\/wp\/v2\/product\/12520\/revisions\/15886"}],"wp:featuredmedia":[{"embeddable":true,"href":"https:\/\/perfumeriaintercontinental.com\/index.php\/wp-json\/wp\/v2\/media\/12521"}],"wp:attachment":[{"href":"https:\/\/perfumeriaintercontinental.com\/index.php\/wp-json\/wp\/v2\/media?parent=12520"}],"wp:term":[{"taxonomy":"product_brand","embeddable":true,"href":"https:\/\/perfumeriaintercontinental.com\/index.php\/wp-json\/wp\/v2\/product_brand?post=12520"},{"taxonomy":"product_cat","embeddable":true,"href":"https:\/\/perfumeriaintercontinental.com\/index.php\/wp-json\/wp\/v2\/product_cat?post=12520"},{"taxonomy":"product_tag","embeddable":true,"href":"https:\/\/perfumeriaintercontinental.com\/index.php\/wp-json\/wp\/v2\/product_tag?post=12520"}],"curies":[{"name":"wp","href":"https:\/\/api.w.org\/{rel}","templated":true}]}}