{"id":251,"date":"2023-07-04T01:12:59","date_gmt":"2023-07-04T01:12:59","guid":{"rendered":"https:\/\/perfumeriaintercontinental.com\/?post_type=product&#038;p=251"},"modified":"2023-08-04T05:24:32","modified_gmt":"2023-08-04T05:24:32","slug":"hugo-boss-bottled-eau-de-toilette-caballero-100ml","status":"publish","type":"product","link":"https:\/\/perfumeriaintercontinental.com\/index.php\/producto\/hugo-boss-bottled-eau-de-toilette-caballero-100ml\/","title":{"rendered":"Hugo Boss Bottled Eau De Toilette Caballero 100ml"},"content":{"rendered":"<p><strong>Boss Bottled<\/strong> de <strong>Hugo Boss<\/strong> es una fragancia de la familia olfativa Amaderada Especiada para Hombres.<\/p>\n<p><strong>Boss Bottled<\/strong> se lanz\u00f3 en 1998. <strong>Boss Bottled<\/strong> fue creada por Annick Menardo y Christian Dussoulier.<br \/>\nLas Notas de Salida son manzana, ciruela, bergamota, lim\u00f3n (lima \u00e1cida), musgo de roble y geranio; las Notas de Coraz\u00f3n son canela, caoba y clavel; las Notas de Fondo son vainilla, s\u00e1ndalo, cedro, vetiver y olivo.<\/p>\n<p><strong>PERFUMES ORIGINALES<\/strong><br \/>\nTUS COMPRAS 100% PROTEGIDAS<br \/>\nVISITANOS EN NUESTRAS REDES SOCIALES<br \/>\n<a href=\"https:\/\/www.instagram.com\/perfumeriaintercontinental\" title=\"Perfumer\u00eda Intercontinental\" rel=\"noopener\" target=\"_blank\">https:\/\/www.instagram.com\/perfumeriaintercontinental<\/a><br \/>\n<a href=\"https:\/\/www.facebook.com\/profile.php?id=100093904003521&#038;mibextid=ZbWKwL\/\" title=\"Perfumer\u00eda Intercontinental\" rel=\"noopener\" target=\"_blank\">https:\/\/www.facebook.com\/profile.php?id=100093904003521&#038;mibextid=ZbWKwL<\/p>\n","protected":false},"excerpt":{"rendered":"<p>PERFUMES DISE\u00d1ADOR<\/p>\n","protected":false},"featured_media":231,"comment_status":"closed","ping_status":"closed","template":"","meta":{"_eb_attr":"","om_disable_all_campaigns":false,"_monsterinsights_skip_tracking":false,"_monsterinsights_sitenote_active":false,"_monsterinsights_sitenote_note":"","_monsterinsights_sitenote_category":0},"product_brand":[],"product_cat":[149,15,29],"product_tag":[],"class_list":{"0":"post-251","1":"product","2":"type-product","3":"status-publish","4":"has-post-thumbnail","6":"product_cat-hugo-boss","7":"product_cat-todos-los-productos","8":"product_cat-hombre","11":"first","12":"instock","13":"shipping-taxable","14":"purchasable","15":"product-type-simple"},"aioseo_notices":[],"_links":{"self":[{"href":"https:\/\/perfumeriaintercontinental.com\/index.php\/wp-json\/wp\/v2\/product\/251","targetHints":{"allow":["GET"]}}],"collection":[{"href":"https:\/\/perfumeriaintercontinental.com\/index.php\/wp-json\/wp\/v2\/product"}],"about":[{"href":"https:\/\/perfumeriaintercontinental.com\/index.php\/wp-json\/wp\/v2\/types\/product"}],"replies":[{"embeddable":true,"href":"https:\/\/perfumeriaintercontinental.com\/index.php\/wp-json\/wp\/v2\/comments?post=251"}],"version-history":[{"count":0,"href":"https:\/\/perfumeriaintercontinental.com\/index.php\/wp-json\/wp\/v2\/product\/251\/revisions"}],"wp:featuredmedia":[{"embeddable":true,"href":"https:\/\/perfumeriaintercontinental.com\/index.php\/wp-json\/wp\/v2\/media\/231"}],"wp:attachment":[{"href":"https:\/\/perfumeriaintercontinental.com\/index.php\/wp-json\/wp\/v2\/media?parent=251"}],"wp:term":[{"taxonomy":"product_brand","embeddable":true,"href":"https:\/\/perfumeriaintercontinental.com\/index.php\/wp-json\/wp\/v2\/product_brand?post=251"},{"taxonomy":"product_cat","embeddable":true,"href":"https:\/\/perfumeriaintercontinental.com\/index.php\/wp-json\/wp\/v2\/product_cat?post=251"},{"taxonomy":"product_tag","embeddable":true,"href":"https:\/\/perfumeriaintercontinental.com\/index.php\/wp-json\/wp\/v2\/product_tag?post=251"}],"curies":[{"name":"wp","href":"https:\/\/api.w.org\/{rel}","templated":true}]}}