{"id":6069,"date":"2023-08-17T00:39:00","date_gmt":"2023-08-17T00:39:00","guid":{"rendered":"https:\/\/perfumeriaintercontinental.com\/?post_type=product&#038;p=6069"},"modified":"2025-03-18T15:55:39","modified_gmt":"2025-03-18T20:55:39","slug":"armaf-estuche-club-de-nuit-milestone-edp-4-piezas-unisex","status":"publish","type":"product","link":"https:\/\/perfumeriaintercontinental.com\/index.php\/producto\/armaf-estuche-club-de-nuit-milestone-edp-4-piezas-unisex\/","title":{"rendered":"Armaf Estuche Club de Nuit Milestone EDP 4 Piezas Unisex"},"content":{"rendered":"<p><strong>Armaf Estuche Club de Nuit Milestone,<\/strong> es una fragancia de la familia olfativa Almizcle Amaderado Floral para Hombres y Mujeres.<strong> Club de Nuit Milestone<\/strong> se lanz\u00f3 en 2019. Las Notas de Salida son notas marinas, Frutas rojas y bergamota; las Notas de Coraz\u00f3n son violeta, maderas blancas y s\u00e1ndalo; las Notas de Fondo son ambroxan, almizcle y vetiver.<\/p>\n<p><a href=\"https:\/\/perfumeriaintercontinental.com\/index.php\/producto\/armaf-club-de-nuit-milestone-edp-unisex-105ml\/\">Armaf Club de Nuit Milestone EDP Unisex 105ml<\/a><\/p>\n<p><strong>PERFUMES ORIGINALES<\/strong><br \/>\nTUS COMPRAS 100% PROTEGIDAS<br \/>\nVISITANOS EN NUESTRAS REDES SOCIALES<br \/>\n<a title=\"Perfumer\u00eda Intercontinental\" href=\"https:\/\/www.instagram.com\/perfumeriaintercontinental\" target=\"_blank\" rel=\"noopener\">https:\/\/www.instagram.com\/perfumeriaintercontinental<\/a><\/p>\n","protected":false},"excerpt":{"rendered":"<p><strong>Armaf Estuche Club de Nuit Milestone, <\/strong>Perfume unisex con notas frescas, acu\u00e1ticas y maderas. Elegante, vers\u00e1til y presentado en un estuche ideal para regalar.<\/p>\n","protected":false},"featured_media":6070,"comment_status":"open","ping_status":"closed","template":"","meta":{"_eb_attr":"","om_disable_all_campaigns":false,"_monsterinsights_skip_tracking":false,"_monsterinsights_sitenote_active":false,"_monsterinsights_sitenote_note":"","_monsterinsights_sitenote_category":0},"product_brand":[],"product_cat":[192,15,32,33,29,30,31],"product_tag":[],"class_list":{"0":"post-6069","1":"product","2":"type-product","3":"status-publish","4":"has-post-thumbnail","6":"product_cat-armaf","7":"product_cat-todos-los-productos","8":"product_cat-estuches-hombre","9":"product_cat-estuches-mujer","10":"product_cat-hombre","11":"product_cat-mujer","12":"product_cat-unisex","15":"first","16":"outofstock","17":"sale","18":"shipping-taxable","19":"purchasable","20":"product-type-simple"},"aioseo_notices":[],"_links":{"self":[{"href":"https:\/\/perfumeriaintercontinental.com\/index.php\/wp-json\/wp\/v2\/product\/6069","targetHints":{"allow":["GET"]}}],"collection":[{"href":"https:\/\/perfumeriaintercontinental.com\/index.php\/wp-json\/wp\/v2\/product"}],"about":[{"href":"https:\/\/perfumeriaintercontinental.com\/index.php\/wp-json\/wp\/v2\/types\/product"}],"replies":[{"embeddable":true,"href":"https:\/\/perfumeriaintercontinental.com\/index.php\/wp-json\/wp\/v2\/comments?post=6069"}],"version-history":[{"count":5,"href":"https:\/\/perfumeriaintercontinental.com\/index.php\/wp-json\/wp\/v2\/product\/6069\/revisions"}],"predecessor-version":[{"id":15325,"href":"https:\/\/perfumeriaintercontinental.com\/index.php\/wp-json\/wp\/v2\/product\/6069\/revisions\/15325"}],"wp:featuredmedia":[{"embeddable":true,"href":"https:\/\/perfumeriaintercontinental.com\/index.php\/wp-json\/wp\/v2\/media\/6070"}],"wp:attachment":[{"href":"https:\/\/perfumeriaintercontinental.com\/index.php\/wp-json\/wp\/v2\/media?parent=6069"}],"wp:term":[{"taxonomy":"product_brand","embeddable":true,"href":"https:\/\/perfumeriaintercontinental.com\/index.php\/wp-json\/wp\/v2\/product_brand?post=6069"},{"taxonomy":"product_cat","embeddable":true,"href":"https:\/\/perfumeriaintercontinental.com\/index.php\/wp-json\/wp\/v2\/product_cat?post=6069"},{"taxonomy":"product_tag","embeddable":true,"href":"https:\/\/perfumeriaintercontinental.com\/index.php\/wp-json\/wp\/v2\/product_tag?post=6069"}],"curies":[{"name":"wp","href":"https:\/\/api.w.org\/{rel}","templated":true}]}}