{"id":9655,"date":"2023-11-20T17:19:04","date_gmt":"2023-11-20T22:19:04","guid":{"rendered":"https:\/\/perfumeriaintercontinental.com\/?post_type=product&#038;p=9655"},"modified":"2025-03-03T11:39:45","modified_gmt":"2025-03-03T16:39:45","slug":"perfume-jean-lowe-immortal-de-maison-alhambra-eau-de-parfum-100ml-unisex","status":"publish","type":"product","link":"https:\/\/perfumeriaintercontinental.com\/index.php\/producto\/perfume-jean-lowe-immortal-de-maison-alhambra-eau-de-parfum-100ml-unisex\/","title":{"rendered":"Perfume Jean Lowe Immortal de Maison Alhambra Eau de Parfum 100ml Unisex"},"content":{"rendered":"<p><strong>Jean Lowe Immortal de Maison Alhambra<\/strong> es una fragancia de la familia olfativa \u00c1mbar Especiada para Hombres y Mujeres. Notas de Salida: Pomelo, Jengibre y Bergamota. Notas de Coraz\u00f3n: notas amaderadas, romero y geranio. Notas de Fondo: cedro, \u00e1mbar y l\u00e1dano.<\/p>\n","protected":false},"excerpt":{"rendered":"<p>Jean Lowe Immortal de Maison Alhambra es una fragancia de la familia olfativa \u00c1mbar Especiada para Hombres y Mujeres. Notas de Salida: Pomelo, Jengibre y Bergamota. Notas de Coraz\u00f3n: notas amaderadas, romero y geranio. Notas de Fondo: cedro, \u00e1mbar y l\u00e1dano.<\/p>\n","protected":false},"featured_media":9656,"comment_status":"open","ping_status":"closed","template":"","meta":{"_eb_attr":"","om_disable_all_campaigns":false,"_monsterinsights_skip_tracking":false,"_monsterinsights_sitenote_active":false,"_monsterinsights_sitenote_note":"","_monsterinsights_sitenote_category":0},"product_brand":[],"product_cat":[154,211,15,29,30,31],"product_tag":[],"class_list":{"0":"post-9655","1":"product","2":"type-product","3":"status-publish","4":"has-post-thumbnail","6":"product_cat-maison-alhambra","7":"product_cat-perfumes-arabes","8":"product_cat-todos-los-productos","9":"product_cat-hombre","10":"product_cat-mujer","11":"product_cat-unisex","14":"first","15":"outofstock","16":"shipping-taxable","17":"purchasable","18":"product-type-simple"},"aioseo_notices":[],"_links":{"self":[{"href":"https:\/\/perfumeriaintercontinental.com\/index.php\/wp-json\/wp\/v2\/product\/9655","targetHints":{"allow":["GET"]}}],"collection":[{"href":"https:\/\/perfumeriaintercontinental.com\/index.php\/wp-json\/wp\/v2\/product"}],"about":[{"href":"https:\/\/perfumeriaintercontinental.com\/index.php\/wp-json\/wp\/v2\/types\/product"}],"replies":[{"embeddable":true,"href":"https:\/\/perfumeriaintercontinental.com\/index.php\/wp-json\/wp\/v2\/comments?post=9655"}],"version-history":[{"count":1,"href":"https:\/\/perfumeriaintercontinental.com\/index.php\/wp-json\/wp\/v2\/product\/9655\/revisions"}],"predecessor-version":[{"id":9657,"href":"https:\/\/perfumeriaintercontinental.com\/index.php\/wp-json\/wp\/v2\/product\/9655\/revisions\/9657"}],"wp:featuredmedia":[{"embeddable":true,"href":"https:\/\/perfumeriaintercontinental.com\/index.php\/wp-json\/wp\/v2\/media\/9656"}],"wp:attachment":[{"href":"https:\/\/perfumeriaintercontinental.com\/index.php\/wp-json\/wp\/v2\/media?parent=9655"}],"wp:term":[{"taxonomy":"product_brand","embeddable":true,"href":"https:\/\/perfumeriaintercontinental.com\/index.php\/wp-json\/wp\/v2\/product_brand?post=9655"},{"taxonomy":"product_cat","embeddable":true,"href":"https:\/\/perfumeriaintercontinental.com\/index.php\/wp-json\/wp\/v2\/product_cat?post=9655"},{"taxonomy":"product_tag","embeddable":true,"href":"https:\/\/perfumeriaintercontinental.com\/index.php\/wp-json\/wp\/v2\/product_tag?post=9655"}],"curies":[{"name":"wp","href":"https:\/\/api.w.org\/{rel}","templated":true}]}}